*h - i + 55. What are the prime factors of (-4)/h - (-424)/36?
2, 3
Suppose -p - 60 = 3*p. Suppose -3 = 3*y + 12. Let z = y - p. What are the prime factors of z?
2, 5
Suppose -20 = -5*w, -3*w + 67 = 4*a - 1. Let p(u) = u**3 - u**2 - u - 1. Let d be p(2). Let v = a + d. What are the prime factors of v?
3, 5
Suppose -2*o - 4 + 10 = 0. Suppose o + 12 = -3*q, f = 3*q + 20. Suppose -l + 22 = 4*c - 7, -3*l = -f*c + 15. List the prime factors of c.
2, 3
Let w = -4 - -4. Suppose 2*a + 3*a - 95 = w. What are the prime factors of a?
19
Suppose 2*y - 3 = y. Suppose 5*c = y*d - 4 + 28, 0 = -4*d + 8. What are the prime factors of c?
2, 3
Let s = -19 + 39. List the prime factors of s.
2, 5
Let v = 11 - 14. What are the prime factors of v*(-1)/((-9)/(-30))?
2, 5
Let q = 31 - 18. What are the prime factors of q?
13
Suppose j + 2*j + 57 = 0. Let n = j + 13. Let d = 15 + n. List the prime factors of d.
3
Let p(a) = 35*a**2 - 1. List the prime factors of p(1).
2, 17
Suppose -5*h + 277 = -93. What are the prime factors of h?
2, 37
Suppose -6*y - 385 = -11*y. What are the prime factors of y?
7, 11
Let c(u) = 9*u**2 - 1. Let a be c(-1). List the prime factors of 2/8 + 78/a.
2, 5
Let j be -2 - (-6)/9*39. Suppose 0*n = n - j. List the prime factors of n.
2, 3
Suppose 3*b + 13 - 46 = -4*k, -3*b - 21 = -5*k. Suppose c + k = 17. List the prime factors of c.
11
Let r(b) = -3*b**2 + 14*b + 9. Let h(k) = 5*k**2 - 28*k - 17. Let z(u) = 4*h(u) + 7*r(u). List the prime factors of z(-11).
2, 7
Let r(b) = 8*b**2 + 5*b - 2. What are the prime factors of r(-3)?
5, 11
Let s = 13 + -1. Suppose -s = -t + 3*t. What are the prime factors of t/4*(-20)/3?
2, 5
Let i = 35 - -43. What are the prime factors of i?
2, 3, 13
Suppose 2*r + 138 = 4*b, 0 = -0*b - 3*b + 15. Let n = -27 - r. List the prime factors of n.
2
Let f be 1/(-3) - 46/6. Suppose 0 = -z - z - 34. Let l = f - z. List the prime factors of l.
3
Let z = -15 + 11. List the prime factors of ((-3)/(-1) + z)*-25.
5
Suppose -h = -12 - 6. Let q be ((-16)/(-6))/(12/h). Suppose -3*g - 22 = -q*t, 4*g = 5*t - 11 - 16. What are the prime factors of t?
7
Suppose 4*l - 26 = -5*n, n + 10 = 4*n + l. Let k be (n/3)/(1/6). Suppose 4*y - 44 + k = 0. List the prime factors of y.
2, 5
Let p = -12 - -5. Let l(w) = -w**2 - 8*w + 3. List the prime factors of l(p).
2, 5
List the prime factors of 4 - 750/(0 - 3).
2, 127
Let j be 2/(-12) - (-44)/(-24). List the prime factors of (-1)/j - (-117)/26.
5
Let c = 63 + 3. List the prime factors of c.
2, 3, 11
List the prime factors of (-399)/(-7) - (4 - 0).
53
Let m be (-112)/6 - 1/3. What are the prime factors of (-1 - m)*(-6)/(-9)?
2, 3
Suppose -3*u + 8*u = 75. List the prime factors of u.
3, 5
Let q(d) = -d**3 + d - 10. Let v(i) = i**3 - i + 11. Suppose 0 = 2*f + 1 + 5. Let j(h) = f*v(h) - 4*q(h). What are the prime factors of j(0)?
7
Let o be 20/2*(-8)/(-16). Suppose -o*d = -23 - 2. What are the prime factors of d?
5
Let n(g) = -g**2 + 7*g + 2. Let f = 17 - 10. List the prime factors of n(f).
2
Suppose -q = 3*l, -3*l - 7 = -2*q + 2. Suppose -2*f = -f - 2*o - 6, o + 12 = -4*f. List the prime factors of (q/9)/(f/(-30)).
5
Suppose -4*g - g - 5*h = -120, 3*h + 78 = 3*g. Suppose -2*s = -3*n - 45, -s - s - n = -g. What are the prime factors of s?
3, 5
Let x(b) = b**3 - 8*b**2 + 9*b - 4. Let s be x(7). Suppose -4*l - 21 = -3*l + 5*c, -s = 2*c. What are the prime factors of l?
2
Suppose 6*z - 73 = 5*z. Suppose 4*x = -i + z, 21 = x + 6*i - 3*i. What are the prime factors of x?
2, 3
Let r = 4 - 1. List the prime factors of r + (18 - (-3 + 4)).
2, 5
Suppose 10 = 5*s - 0. Let c = 4 + 8. Let n = c - s. List the prime factors of n.
2, 5
Suppose 4*u = -32 - 8. Let h = -56 + -41. List the prime factors of u/(-45) + h/(-9).
11
Let l be 41 - (-2 + -1) - 3. Suppose -119 = -5*n + l. Suppose -3*x - 21 = -2*t, 4*t = t + 5*x + n. What are the prime factors of t?
3
Suppose 0 = 4*r - 23 - 33. Let m be (-4)/(-6) + r/6. Suppose 22 + 17 = m*c. List the prime factors of c.
13
Let x(f) = 1. Let m(k) = -k - 17. Let u(a) = -m(a) - 5*x(a). Let r be u(-6). Suppose b = r*b - 60. List the prime factors of b.
2, 3
Let y = 88 + -59. Let a = 41 - y. Suppose -q + a = 3. List the prime factors of q.
3
Suppose 2*w + 17*w = 2527. What are the prime factors of w?
7, 19
Let i(g) = -11*g**3 - g - 1. Let j be (-2)/(-1)*(-3)/6. List the prime factors of i(j).
11
Let i = -6 + 11. Suppose -2*w + i*w - 45 = 0. List the prime factors of w.
3, 5
Let i = -4 - -3. Let y(a) = -6*a - 1. Let f be y(i). Suppose -3*o + 2*r + 32 = 0, -11 = -f*o - r + 25. What are the prime factors of o?
2
Suppose h = -2*f + 99, -4*f + 0*f = 3*h - 197. List the prime factors of f.
2, 5
Suppose -2*c + 5*s + 6 = 0, -c - 2*s = 3*c - 12. Let o be -1 + 0 + 15/c. Suppose -4*a + 7*a = 4*p - 53, 0 = p + 5*a + o. What are the prime factors of p?
11
Suppose -g + 4 = 0, -g + 84 = q + 3*q. Let d be ((-18)/(-15))/(6/q). Suppose -d*u + 20 = -0*u. List the prime factors of u.
5
What are the prime factors of (1 + 0)*-1 + 4?
3
Suppose 88 = 3*s - 2*l, 0 = l - 2*l - 5. List the prime factors of s.
2, 13
Suppose 2 + 2 = 2*h + 4*q, h - q = 8. Suppose 3*p = -3*k + 49 - 7, -k + p + h = 0. What are the prime factors of k?
2, 5
Suppose -x = 3*c + 6, 3*x - 3*c - 8 - 10 = 0. Suppose -x*j - 5*i + 17 = 0, 4*i = -6*j + 2*j + 36. List the prime factors of j.
2, 7
Let q = -1 + 159. List the prime factors of q.
2, 79
Suppose 0 = -h - 11. Let g = h + 4. Let r = g + 12. What are the prime factors of r?
5
Suppose -a - 3*a - 32 = 0. What are the prime factors of 8*-1*2/a?
2
Let o = -19 - -31. List the prime factors of (-77)/21*(0 - o).
2, 11
Let h = 64 + -1. What are the prime factors of h?
3, 7
Suppose 4*p - 52 - 28 = 0. List the prime factors of (-64)/p*(-5)/2.
2
Let z(p) be the first derivative of p**6/120 - p**5/20 + p**4/8 + p**3/2 - p**2 - 2. Let k(f) be the second derivative of z(f). List the prime factors of k(3).
2, 3
Suppose 4*z = -5*m + 3, 1 = -3*z + z - 3*m. Suppose -6 = 3*o - 3. Let l = z - o. List the prime factors of l.
2
Let b(c) be the second derivative of 13*c**4/12 - c**3/3 + c**2/2 + 2*c. Let q be b(1). Suppose 2*p - 2 = q. List the prime factors of p.
7
Let b be -1 + 4 + (2 - 3). Suppose b*n - 2 = -0*n, 5*t = 4*n + 211. List the prime factors of t.
43
Let x = -1 - -6. Let r = x - 2. Let q = 12 + r. What are the prime factors of q?
3, 5
Let g(x) be the third derivative of -2*x**2 + 7/6*x**3 - 7/24*x**4 + 0*x - 1/60*x**5 + 0. List the prime factors of g(-7).
7
Suppose 0 = 5*i - 27 - 53. Let j be (-3 + 4)/((-3)/15). Let p = i + j. What are the prime factors of p?
11
Suppose -2*c = 4*w - 2 - 2, -3*w = 0. What are the prime factors of c?
2
Suppose p = 2*z - 78, -2*z - 3*p + 28 = -50. List the prime factors of (z/6)/(2/4).
13
Let d = -16 - -56. Suppose -d - 65 = -3*q. List the prime factors of q.
5, 7
Let k be ((-18)/(-12))/((-1)/(-2)). Suppose t - 78 = -4*o + k*t, -5*o + 99 = -2*t. What are the prime factors of o?
3, 7
Let i be 12/10*(-30)/(-9). Suppose i*s = 5*s - 27. What are the prime factors of s?
3
Let z(t) = -10*t**3 + t**2. Let r be z(-1). Suppose -c + 1 = -r. List the prime factors of (-8)/c - (-29)/3.
3
Suppose 3*r - 1 - 23 = 0. Suppose 0 = 4*u + r - 36. Let z = 15 - u. What are the prime factors of z?
2
Suppose 8*i + h = 3*i - 37, -i - 3*h - 13 = 0. Suppose 4*y - 44 = 2*r + y, -4*r = 4*y + 48. Let f = i - r. List the prime factors of f.
3
Suppose i = k + 1, -4*k = 4*i - 0 + 4. Let n = k + 5. What are the prime factors of n?
2
Let j = 53 - 0. List the prime factors of j.
53
Let t(f) = -f + 1. Let r(x) = -11*x + 2. Let k(q) = -r(q) + 3*t(q). List the prime factors of k(1).
3
Let g(a) = -4*a**2 - 3*a + 2. Let p(i) = 9*i**2 + 7*i - 3. Let n(u) = -5*g(u) - 2*p(u). List the prime factors of n(-3).
11
Let z(n) = 2*n**3 + n**2 + 5*n + 6. Let x(v) = -7 - 3*v**3 - 5*v + 2*v - 3*v. Let r(q) = -3*x(q) - 4*z(q). What are the prime factors of r(5)?
2, 3
Let l = 10 - 10. Suppose l = 11*f - 15*f + 120. List the prime factors of f.
2, 3, 5
Let v(f) = 13*f**3 + 2*f**2 + 2*f + 1. Let o be v(-1). Let p be (o/10)/(1/5). Let u = p + 12. What are the prime factors of u?
2, 3
Let u(o) = o**2 + 1. Let t(q) = -6*q**2 - 4*q - 6. Let k(z) = -t(z) - 5*u(z). What are the prime factors of k(3)?
2, 11
Let h = 17 - -65. W